{"id":1312,"date":"2021-05-22T21:46:14","date_gmt":"2021-05-22T21:46:14","guid":{"rendered":"https:\/\/mcbambalaj.com\/?post_type=product&amp;p=367"},"modified":"2021-05-22T21:46:14","modified_gmt":"2021-05-22T21:46:14","slug":"5x10-cm-magnet-metal-plaka","status":"publish","type":"product","link":"https:\/\/chss.tr\/index.php\/urun\/5x10-cm-magnet-metal-plaka\/","title":{"rendered":"5\u00d710 cm Magnet Metal Plaka"},"content":{"rendered":"<h5><strong>Kullan\u0131m Alanlar\u0131;<\/strong><\/h5>\n<ul>\n<li>\u0130\u00e7 mekanlarda dekoratif \u00fcr\u00fcn olarak kullan\u0131lmaktad\u0131r. Ev,ofis,kafe, bar restaurant i\u015fletmelerinde, otel ve t\u00fcm mekanlarda dekorasyon ama\u00e7l\u0131 kullan\u0131l\u0131r.<\/li>\n<li>Farkl\u0131 ebatlarda mevcut olan metal plakalar; duvarlarda, buzdolab\u0131nda, panolarda, merdivenlerde, kutu s\u00fcslemelerinde ve farkl\u0131 i\u00e7 mekan tasar\u0131mlar\u0131nda kullan\u0131lmaktad\u0131r.<\/li>\n<li>Standart \u00f6l\u00e7\u00fclerin yan\u0131 s\u0131ra adete ba\u011fl\u0131 olarak \u00f6zel \u00f6l\u00e7\u00fclerde metal plaka bask\u0131s\u0131 yap\u0131l\u0131r.<\/li>\n<li>Vintage\u00a0metal plaka,retro metal plaka, \u00fclkelere \u00f6zel metal plaka, il plaka g\u00f6rsellerine ek olarak adete ba\u011fl\u0131 olarak \u00f6zel tasar\u0131m, logo, ki\u015fi g\u00f6rselleri kullan\u0131labilir.<\/li>\n<li>Turistik b\u00f6lgelerde hediyelik metal plaka olarak sunulmaktad\u0131r. \u00dclkelere \u00f6zel bask\u0131lar ile turistik b\u00f6lgelerde hediyelik metal plaka(poster) olarak sat\u0131\u015fa sunulmaktad\u0131r.<\/li>\n<li>Z\u00fcccaciye ve hediyelik e\u015fya, promosyon ve kurumsal kimlik \u00e7al\u0131\u015fmalar\u0131n\u0131zda kullan\u0131labilir. Firman\u0131z\u0131n logosunun yer ald\u0131\u011f\u0131 (vintage g\u00f6rsellerin \u00fczerine logo tasar\u0131m\u0131 ger\u00e7ekle\u015ftirip) ve markan\u0131za \u00f6zel tasarlanm\u0131\u015f \u00f6zel bask\u0131l\u0131 metal plaka promosyon \u00e7al\u0131\u015fmalar\u0131n\u0131zda kullan\u0131labilir.<\/li>\n<li>Metal plakalar\u0131 d\u00fc\u011f\u00fcn veya organizasyon davetiyesi olarak d\u00fczenleyip etkinliklerinizde farkl\u0131 ve \u015f\u0131k bir sunum ger\u00e7ekle\u015ftirebilirsiniz.<\/li>\n<li>Metal plaka(poster) ebatlar\u0131 ; 36\u00d736 cm metal b\u00fcy\u00fck plaka, 36\u00d729 cm, 29\u00d719 cm, 30\u00d715 cm, 24\u00d711 cm, 15\u00d77 cm, 10\u00d75 ve 18\u00d718 cm \u015feklindedir. T\u00fcm plaka ebatlar\u0131 arkas\u0131 katlamal\u0131 olarak d\u00fczenlenmekte olup, 30\u00d715 cm standart metal plaka\u00a0ebat\u0131 i\u00e7in katlamal\u0131 metal plaka modeli yan\u0131 s\u0131ra arkas\u0131 katlamas\u0131z ve delikli olarak da d\u00fczenlenmektedir. K\u00fc\u00e7\u00fck boy metal plakalar magnetli olarak metal magnet \u015feklinde de sunulmaktad\u0131r.<\/li>\n<\/ul>\n","protected":false},"excerpt":{"rendered":"<h5><strong>\u00d6l\u00e7\u00fcler;<\/strong><\/h5>\n<h5><strong>Y\u00fckseklik: 10 cm<\/strong><\/h5>\n<h5><strong>Geni\u015flik: 5 cm<\/strong><\/h5>\n<p>5\u00d710 cm magnet metal plaka ebatlar\u0131na \u00f6zel po\u015fetler i\u00e7inde sunulmaktad\u0131r. Talebe ba\u011fl\u0131 olarak \u00fcr\u00fcnler \u00e7ift tarafl\u0131 magnet ile sat\u0131\u015fa sunulmaktad\u0131r.<\/p>\n","protected":false},"featured_media":562,"comment_status":"closed","ping_status":"closed","template":"","meta":{"_joinchat":[]},"product_brand":[],"product_cat":[81],"product_tag":[],"class_list":{"0":"post-1312","1":"product","2":"type-product","3":"status-publish","4":"has-post-thumbnail","6":"product_cat-vintage-metal-plaka","8":"first","9":"instock","10":"taxable","11":"shipping-taxable","12":"product-type-simple"},"_links":{"self":[{"href":"https:\/\/chss.tr\/index.php\/wp-json\/wp\/v2\/product\/1312","targetHints":{"allow":["GET"]}}],"collection":[{"href":"https:\/\/chss.tr\/index.php\/wp-json\/wp\/v2\/product"}],"about":[{"href":"https:\/\/chss.tr\/index.php\/wp-json\/wp\/v2\/types\/product"}],"replies":[{"embeddable":true,"href":"https:\/\/chss.tr\/index.php\/wp-json\/wp\/v2\/comments?post=1312"}],"version-history":[{"count":0,"href":"https:\/\/chss.tr\/index.php\/wp-json\/wp\/v2\/product\/1312\/revisions"}],"wp:featuredmedia":[{"embeddable":true,"href":"https:\/\/chss.tr\/index.php\/wp-json\/"}],"wp:attachment":[{"href":"https:\/\/chss.tr\/index.php\/wp-json\/wp\/v2\/media?parent=1312"}],"wp:term":[{"taxonomy":"product_brand","embeddable":true,"href":"https:\/\/chss.tr\/index.php\/wp-json\/wp\/v2\/product_brand?post=1312"},{"taxonomy":"product_cat","embeddable":true,"href":"https:\/\/chss.tr\/index.php\/wp-json\/wp\/v2\/product_cat?post=1312"},{"taxonomy":"product_tag","embeddable":true,"href":"https:\/\/chss.tr\/index.php\/wp-json\/wp\/v2\/product_tag?post=1312"}],"curies":[{"name":"wp","href":"https:\/\/api.w.org\/{rel}","templated":true}]}}